e l*w = w + y. What is the units digit of w?
7
Suppose 11 + 9 = 5*y. Let s be (y/(-8))/((-1)/(-6)). What is the units digit of -1*(-1)/s*-18?
6
Let r(g) = -5*g**3 - 6*g**2 - 9*g**2 - 13*g + 4*g**3 - 4 + 2*g**2. What is the units digit of r(-12)?
8
Let k = 17 + -13. Suppose 36 + 44 = k*y. Suppose 0 = -2*u - a + y, -17 = -u + 2*a + 3. What is the tens digit of u?
1
Suppose -b + 2*b = 3. Suppose k + 4*u = -25, k - b*k + 2 = -5*u. What is the tens digit of 3/(k/(-57))*1?
1
Suppose 3*p - 674 = -6*i + i, -p - i = -224. What is the tens digit of p?
2
Let g(j) = 46*j**2 - 9*j - 24. What is the hundreds digit of g(-3)?
4
Let y be (-20 + 5)*((-22)/6)/1. Suppose 5*z - 260 = y. What is the units digit of z?
3
Let l be 3/15 + (-39)/(-5). Let q be ((-2)/(-4))/(6/36). Let j = q + l. What is the units digit of j?
1
Suppose -12*j + 1122 = -15*j. Let h = 549 + j. What is the units digit of h?
5
Let n(z) be the third derivative of z**4/12 + z**3/2 + 7*z**2. Let m be n(-4). Let l = m + 9. What is the units digit of l?
4
Let n(c) = c**3 - 8*c**2 + 6*c + 10. Let o be n(7). Suppose o*i - 3*u - 62 = -4*u, 22 = i - u. Let a = 51 - i. What is the tens digit of a?
3
Let f be 1/((-10)/(-16))*30. Let h = f - 22. What is the units digit of 96/52 + 4/h?
2
Suppose 4*i - 1371 = f, 9*i - 5*i + 3*f = 1375. What is the hundreds digit of i?
3
Suppose -5*j - o = -30, -3*j + o + 18 + 0 = 0. Let b(w) = -w**2 + 6*w + 3. Let q be b(j). What is the tens digit of q/2 - 236/(-8)?
3
Suppose 3*o - l = -0*l - 416, -400 = 3*o - 5*l. Let d = o + 278. What is the hundreds digit of d?
1
Let l = -416 - -1933. What is the tens digit of l?
1
Let i(m) = m**3 - 12*m**2 + m - 28. Let z be i(12). Let v(p) = p**3 + 17*p**2 - 10. What is the tens digit of v(z)?
4
Let y(r) = r**3 + 6*r**2 + 2*r - 3. Let q be y(-5). Suppose -4 = -5*u + 96. Suppose u = 4*p, -39 - q = -3*g + 3*p. What is the tens digit of g?
2
Suppose -4*x + 452 = 4*z, 2*x - 103 = -4*z + 347. Suppose -2*o + 106 = -z. What is the hundreds digit of o?
1
Suppose -4*h = -q + 62 - 13, 0 = -5*q + 3*h + 211. Suppose q = 2*c + 5. Suppose -2*o - 12 = -c. What is the units digit of o?
3
Let m = -244 + 389. Suppose 5*q = -0*q + m. Let s = q - 12. What is the units digit of s?
7
Let q = -723 + 1514. What is the hundreds digit of q?
7
What is the hundreds digit of (1 - (-3)/(-6)) + (-3908)/(-8)?
4
Let x(t) = -t**2 + 4*t + 3. Let l(b) = 2*b**2 - 7*b - 5. Let u(h) = 3*l(h) + 5*x(h). Let n be u(-5). Suppose -4*g + n = -g. What is the tens digit of g?
1
Let i(y) = -y**3 + y**2 + 54. Let o be i(0). Let x = o - 32. Let b = -9 + x. What is the tens digit of b?
1
Let h(v) = 20*v**2 - 4*v - 13. What is the hundreds digit of h(-5)?
5
Suppose 3*j + 11 = -8*j. What is the units digit of (1 + 49/21)*(-21)/j?
0
Let w = 498 - 220. What is the hundreds digit of w?
2
Let z be -2*1*(-1)/(-2). Let u(a) = -a**2 + a - 1. Let c(h) = -48*h**3 - 7*h**2 + 6*h - 5. Let f(s) = c(s) - 6*u(s). What is the units digit of f(z)?
8
Suppose -5*k + 3*k - 2*c = -58, c - 58 = -2*k. Suppose 28*a + 180 = k*a. What is the units digit of a?
0
Suppose 0 = -270*x + 265*x + 2035. What is the hundreds digit of x?
4
Let c be -2 + (69 - (-1 - 0)). Let x be (-1990)/45 + 2/9. Let s = x + c. What is the units digit of s?
4
Let z(d) = d**3 + 7*d**2 + 12. Let n be z(-8). Let u = 57 + n. What is the units digit of u?
5
Let p = 655 + -391. What is the units digit of p?
4
Suppose 2*v = -2*v + 236. Let a = v - 19. What is the tens digit of a?
4
Let q = -57 - -85. Let f be (-1)/(1 + (-32)/q). Suppose -3 = -5*d + f. What is the units digit of d?
2
Let k(c) = 4*c - 9. Let p be k(4). Let i(w) = -w**2 + 8*w - 2. Let n be i(p). Let h(m) = m**3 - 4*m**2 - 3*m + 3. What is the tens digit of h(n)?
1
Suppose 0 = -25*n + 31*n - 3708. What is the units digit of n?
8
Suppose 8*u + 4 = 6*u. Let w be (u - (-2 + -1)) + 2. Suppose 0 = v + w, 53 - 14 = 3*t + 2*v. What is the units digit of t?
5
Let x be 2 - 4/(-8) - 2/(-4). Suppose -6 = -x*f, 5*h - 3*f + f - 401 = 0. What is the units digit of h?
1
Suppose -26*f + 29*f - 4*o = 10997, f + 3*o - 3657 = 0. What is the hundreds digit of f?
6
What is the units digit of 2045/(3 + 6/(-3))?
5
Suppose -14*x + 71*x - 135033 = 0. What is the thousands digit of x?
2
Let h = 5519 - 2466. What is the thousands digit of h?
3
Let a(d) = 2*d**3 + 2*d**2 - d - 1. Let s be a(-4). What is the hundreds digit of 3 - (s + (-2 - 2))?
1
What is the units digit of ((-169)/(-4))/(150/24 + -6)?
9
What is the hundreds digit of (-1)/(1020/1024 + -1)?
2
Let p(g) = -g**3 - 11*g**2 - 14*g + 8. Let m(h) = h - 3. Let s be m(-7). What is the tens digit of p(s)?
4
Let q = 342 + -261. What is the tens digit of q?
8
Suppose 2*w - 6076 = -4*t, -4*w - 74*t = -73*t - 12145. What is the tens digit of w?
3
Suppose 6*i = 5*i + 2. What is the units digit of 22 + (-6 + 0)/i?
9
Let m be -3 + 46 + -4 - -3. Suppose -332 = -4*f - 4*r, 3*r - 39 - m = -f. What is the tens digit of f?
8
Suppose 8*d - 1000 = 4*d - 2*o, -4*o + 243 = d. Suppose -4*u - 71 + 285 = -2*n, -5*u + d = 3*n. What is the tens digit of u?
5
Suppose 3*a = -3*z + 6, -2*z + 2*a + a + 29 = 0. Let s = 94 - z. What is the tens digit of s?
8
Let q be ((-16)/(-10) - 2)*-465. Suppose -2*h + 1960 = 3*d, d - 449 = 3*h + q. What is the tens digit of ((-18)/15)/((-15)/d)?
5
Suppose -6*r = 11*r - 952. Suppose 3*j - 172 = r. What is the units digit of j?
6
Suppose 0 = -4*p + 11*p - 5586. What is the units digit of p?
8
Let s(l) = -6*l**3 - 8*l**2 + 24*l + 35. Let t(a) = -2*a**3 - 3*a**2 + 8*a + 12. Let b(c) = 3*s(c) - 8*t(c). What is the units digit of b(-5)?
9
Let s be 400/(-14) - (2 + 72/(-28)). What is the tens digit of 1*s/(-6)*18?
8
Suppose -3*h - 5650 = -3*m - 577, h - 1 = 0. What is the thousands digit of m?
1
Let h = -7 - -15. Let c = 10 - h. Suppose -126 = -5*a + c*p - 5*p, -18 = -a + 3*p. What is the tens digit of a?
2
Let j = -1464 - -2152. What is the hundreds digit of j?
6
Suppose 3*g + 3*z - 17752 = -2128, 4*g = z + 20832. What is the thousands digit of g?
5
Let z(l) be the third derivative of 1/6*l**3 + 0 - 6*l**2 - 1/120*l**6 - 2/15*l**5 + 0*l - 1/6*l**4. What is the units digit of z(-8)?
3
Let k(w) = 4*w**3 - w**2 - w + 15. Let f be k(5). Suppose 169 - f = -4*g. What is the units digit of g?
9
Let z(p) = 403*p - 86. What is the thousands digit of z(3)?
1
What is the thousands digit of (28/(-8) - -3) + 3519/2?
1
Suppose b + 16 = 9*b. Suppose -4*j - 3*l = 31, 2*j - 5*j + b*l = 2. What is the tens digit of 3 - 1*-28 - j?
3
What is the hundreds digit of (56/(-28))/(2/(-818))?
8
Let c = -978 - -1444. What is the tens digit of c?
6
Suppose 0 = -2*z + 6*z - 8. Suppose z*o - 27 = 7. What is the units digit of o/2*(-10)/(-5)?
7
Let m be (4 - -1)*(-3 + 2 + 2). Suppose 2*s - l = 148, m*l - 60 = -s + 9*l. What is the units digit of s?
6
Let h be (-293 - 2)*1/(-5). Let y(w) = -13 + 22 + 3*w - 8 + 4*w**2 + h*w**2. What is the tens digit of y(-1)?
6
Let u(h) = -40*h - 20. Let n be u(-5). Suppose 174 = 6*o - n. What is the tens digit of o?
5
Let q(x) be the second derivative of -x**3/6 + x**2 - 4*x. Let r be q(0). What is the units digit of r - (-3 + (1 - 1))?
5
Let i = -20 + 7. What is the units digit of i/((-52)/168) + 4?
6
Suppose 7*n = 1102 + 3756. What is the tens digit of n?
9
Suppose -2*f = -0*f - 26. Let m = -18 + f. What is the units digit of (m - -4)*(-6 + 0)?
6
Suppose -2*t + 2803 = 3*i - 6*i, -5*i = -2*t + 2809. What is the units digit of t?
7
Suppose -2827 = -3*u + 5*p, -2*u - 2*u + 2*p + 3760 = 0. What is the units digit of u?
9
Let w(h) be the second derivative of 0*h**2 + 0 + 13/3*h**3 - 9*h. What is the tens digit of w(1)?
2
Let o(a) = -5*a**3 - 21*a**2 - 80*a - 57. What is the hundreds digit of o(-9)?
6
Let z(f) = f**3 + 33*f**2 + 56*f + 416. What is the units digit of z(-30)?
6
Let x(l) = 1582*l**2 + 17*l + 18. What is the tens digit of x(-1)?
8
Let k = 412 + -169. Suppose 4*z - k = b, 2*z - 115 + 16 = 5*b. What is the units digit of z?
2
Let s(q) = q**2 + 186. What is the hundreds digit of s(16)?
4
Let c be (-24)/(-1 - 0) - 4. What is the units digit of 1461/18 + c/24?
2
Suppose 36*n = 40*n - 9060. What is the units digit of n?
5
Suppose 3 = -p - 2, z + 2*p - 113 = 0. Let r(t) = 4*t + 2. Let i be r(5). Suppose -5*l = -i - z. What is the tens digit